{"id":311,"date":"2024-06-27T22:25:57","date_gmt":"2024-06-27T20:25:57","guid":{"rendered":"https:\/\/www.vrtanestudnyonline.cz\/?page_id=311"},"modified":"2024-07-04T11:53:28","modified_gmt":"2024-07-04T09:53:28","slug":"profil-firmy","status":"publish","type":"page","link":"https:\/\/www.studny-smejkal.cz\/?page_id=311","title":{"rendered":"Profil firmy"},"content":{"rendered":"\n<p class=\"has-background\" style=\"background-color:#d0d5db3d;font-size:20px\">O na\u0161\u00ed spole\u010dnosti:<\/p>\n\n\n\n<p>Firma <strong>STUDNY S&amp;K<\/strong>, s.r.o. je odborn\u00edkem na pr\u016fzkumn\u00e9 vrty a vrtan\u00e9 studny. Na trhu p\u016fsob\u00edme ji\u017e od roku 2007, kdy jsme za\u010d\u00ednali jako \u017eivnost pod veden\u00edm Franti\u0161ka Smejkala. V roce 2017 jsme se transformovali na pr\u00e1vnickou osobu, co\u017e n\u00e1m umo\u017enilo d\u00e1le rozv\u00edjet a roz\u0161i\u0159ovat na\u0161e slu\u017eby.<\/p>\n\n\n\n<p>S v\u00edce ne\u017e 2600 \u00fasp\u011b\u0161n\u011b realizovan\u00fdmi vrty m\u00e1me za sebou bohat\u00e9 zku\u0161enosti a hlubok\u00e9 odborn\u00e9 znalosti. Kvalita na\u0161ich slu\u017eeb a spokojenost na\u0161ich z\u00e1kazn\u00edk\u016f jsou pro n\u00e1s prioritou. N\u00e1\u0161 t\u00fdm tvo\u0159\u00ed zku\u0161en\u00ed odborn\u00edci, kte\u0159\u00ed jsou vybaveni nejmodern\u011bj\u0161\u00ed technologi\u00ed a neust\u00e1le se vzd\u011bl\u00e1vaj\u00ed, aby mohli poskytovat ta nejlep\u0161\u00ed mo\u017en\u00e1 \u0159e\u0161en\u00ed.<\/p>\n\n\n\n<p>Specializujeme se na r\u016fzn\u00e9 typy vrt\u016f, od pr\u016fzkumn\u00fdch vrt\u016f po vrtan\u00e9 studny pro dom\u00e1cnosti i pr\u016fmyslov\u00e9 objekty. Na\u0161e vrtan\u00e9 studny spl\u0148uj\u00ed ve\u0161ker\u00e9 hygienick\u00e9 i technick\u00e9 parametry, kter\u00e9 jsou nezbytn\u00e9 pro odb\u011br pitn\u00e9 vody. <strong>Garantujeme minim\u00e1ln\u00ed vydatnost studny nebo pramene 2000 litr\u016f za 24 hodin.<\/strong><\/p>\n\n\n\n<p>Pro realizaci vrtan\u00fdch studn\u00ed vyu\u017e\u00edv\u00e1me na\u0161i vlastn\u00ed modern\u00ed a v\u00fdkonnou vrtnou techniku. Jsme schopni vrtat studny ve v\u0161ech typech hornin a zemin dle po\u017eadavk\u016f z\u00e1kazn\u00edka, <strong>do maxim\u00e1ln\u00ed hloubky 200 metr\u016f a s pr\u016fm\u011brem vrtu 200 mm<\/strong>. Na\u0161\u00edm c\u00edlem je v\u017edy naj\u00edt nejefektivn\u011bj\u0161\u00ed a nejspolehliv\u011bj\u0161\u00ed \u0159e\u0161en\u00ed pro ka\u017ed\u00e9ho z\u00e1kazn\u00edka.<\/p>\n\n\n\n<p>Krom\u011b technick\u00e9 excelence se zam\u011b\u0159ujeme tak\u00e9 na ekologickou a udr\u017eitelnou praxi. Sna\u017e\u00edme se minimalizovat dopad na\u0161ich aktivit na \u017eivotn\u00ed prost\u0159ed\u00ed a vyu\u017e\u00edv\u00e1me postupy, kter\u00e9 jsou \u0161etrn\u00e9 k p\u0159\u00edrod\u011b.<\/p>\n\n\n\n<p>D\u00edky na\u0161im dlouholet\u00fdm zku\u0161enostem, odbornosti a modern\u00edmu vybaven\u00ed jsme schopni realizovat projekty jak\u00e9koliv velikosti a n\u00e1ro\u010dnosti. Jsme hrd\u00ed na to, \u017ee m\u016f\u017eeme na\u0161im z\u00e1kazn\u00edk\u016fm poskytovat slu\u017eby nejvy\u0161\u0161\u00ed kvality a p\u0159isp\u00edvat k jejich spokojenosti a \u00fasp\u011bchu.<\/p>\n\n\n\n<p class=\"has-background\" style=\"background-color:#d0d5db3d;font-size:20px\">Na\u0161e firma prov\u00e1d\u00ed:<\/p>\n\n\n\n<ul class=\"wp-block-list\">\n<li>Vyhled\u00e1n\u00ed pramene \u2013 ur\u010den\u00ed m\u00edsta pro vodn\u00ed zdroj<\/li>\n\n\n\n<li>Hydrogeologick\u00fd pr\u016fzkumn\u00fd vrt<\/li>\n\n\n\n<li>Hydrogeologick\u00fd posudek<\/li>\n\n\n\n<li>Projektovou \u010dinnost pro vrtan\u00e9 studny<\/li>\n\n\n\n<li>Kompletn\u00ed podklady a dokumentace pro stavebn\u00ed povolen\u00ed<\/li>\n\n\n\n<li>Vrt\u00e1n\u00ed studn\u00ed<\/li>\n\n\n\n<li>Studny na pitnou i u\u017eitkovou vodu<\/li>\n\n\n\n<li>Vy\u010di\u0161t\u011bn\u00ed studny<\/li>\n\n\n\n<li>Vypa\u017een\u00ed s atestem na pitnou vodu<\/li>\n\n\n\n<li>\u010cerpac\u00ed zkou\u0161ka k ov\u011b\u0159en\u00ed vydatnosti<\/li>\n\n\n\n<li>Montov\u00e1n\u00ed \u010derpadel nebo vod\u00e1ren, pop\u0159. doporu\u010den\u00ed ide\u00e1ln\u00ed varianty<\/li>\n\n\n\n<li>Projektov\u00e1 dokumentace vrtan\u00e9 studny<\/li>\n\n\n\n<li>Vy\u0159\u00edzen\u00ed v\u0161ech pot\u0159ebn\u00fdch povolen\u00ed (legalizace)<\/li>\n\n\n\n<li>Opravy vrt\u016f po nekvalitn\u00ed pr\u00e1ci konkurence<\/li>\n<\/ul>\n","protected":false},"excerpt":{"rendered":"<p>O na\u0161\u00ed spole\u010dnosti: Firma STUDNY S&amp;K, s.r.o. je odborn\u00edkem na pr\u016fzkumn\u00e9 vrty a vrtan\u00e9 studny. Na trhu p\u016fsob\u00edme ji\u017e od [&hellip;]<\/p>\n","protected":false},"author":1,"featured_media":0,"parent":0,"menu_order":0,"comment_status":"closed","ping_status":"closed","template":"","meta":{"site-sidebar-layout":"default","site-content-layout":"","ast-site-content-layout":"","site-content-style":"default","site-sidebar-style":"default","ast-global-header-display":"","ast-banner-title-visibility":"","ast-main-header-display":"","ast-hfb-above-header-display":"","ast-hfb-below-header-display":"","ast-hfb-mobile-header-display":"","site-post-title":"","ast-breadcrumbs-content":"","ast-featured-img":"","footer-sml-layout":"","theme-transparent-header-meta":"","adv-header-id-meta":"","stick-header-meta":"","header-above-stick-meta":"","header-main-stick-meta":"","header-below-stick-meta":"","astra-migrate-meta-layouts":"default","ast-page-background-enabled":"default","ast-page-background-meta":{"desktop":{"background-color":"var(--ast-global-color-4)","background-image":"","background-repeat":"repeat","background-position":"center center","background-size":"auto","background-attachment":"scroll","background-type":"","background-media":"","overlay-type":"","overlay-color":"","overlay-opacity":"","overlay-gradient":""},"tablet":{"background-color":"","background-image":"","background-repeat":"repeat","background-position":"center center","background-size":"auto","background-attachment":"scroll","background-type":"","background-media":"","overlay-type":"","overlay-color":"","overlay-opacity":"","overlay-gradient":""},"mobile":{"background-color":"","background-image":"","background-repeat":"repeat","background-position":"center center","background-size":"auto","background-attachment":"scroll","background-type":"","background-media":"","overlay-type":"","overlay-color":"","overlay-opacity":"","overlay-gradient":""}},"ast-content-background-meta":{"desktop":{"background-color":"var(--ast-global-color-5)","background-image":"","background-repeat":"repeat","background-position":"center center","background-size":"auto","background-attachment":"scroll","background-type":"","background-media":"","overlay-type":"","overlay-color":"","overlay-opacity":"","overlay-gradient":""},"tablet":{"background-color":"var(--ast-global-color-5)","background-image":"","background-repeat":"repeat","background-position":"center center","background-size":"auto","background-attachment":"scroll","background-type":"","background-media":"","overlay-type":"","overlay-color":"","overlay-opacity":"","overlay-gradient":""},"mobile":{"background-color":"var(--ast-global-color-5)","background-image":"","background-repeat":"repeat","background-position":"center center","background-size":"auto","background-attachment":"scroll","background-type":"","background-media":"","overlay-type":"","overlay-color":"","overlay-opacity":"","overlay-gradient":""}},"_kadence_starter_templates_imported_post":false,"footnotes":""},"class_list":["post-311","page","type-page","status-publish","hentry"],"yoast_head":"<!-- This site is optimized with the Yoast SEO plugin v23.4 - https:\/\/yoast.com\/wordpress\/plugins\/seo\/ -->\n<title>Profil firmy -<\/title>\n<meta name=\"robots\" content=\"index, follow, max-snippet:-1, max-image-preview:large, max-video-preview:-1\" \/>\n<link rel=\"canonical\" href=\"https:\/\/www.studny-smejkal.cz\/?page_id=311\" \/>\n<meta property=\"og:locale\" content=\"cs_CZ\" \/>\n<meta property=\"og:type\" content=\"article\" \/>\n<meta property=\"og:title\" content=\"Profil firmy -\" \/>\n<meta property=\"og:description\" content=\"O na\u0161\u00ed spole\u010dnosti: Firma STUDNY S&amp;K, s.r.o. je odborn\u00edkem na pr\u016fzkumn\u00e9 vrty a vrtan\u00e9 studny. Na trhu p\u016fsob\u00edme ji\u017e od [&hellip;]\" \/>\n<meta property=\"og:url\" content=\"https:\/\/www.studny-smejkal.cz\/?page_id=311\" \/>\n<meta property=\"article:modified_time\" content=\"2024-07-04T09:53:28+00:00\" \/>\n<meta name=\"twitter:card\" content=\"summary_large_image\" \/>\n<meta name=\"twitter:label1\" content=\"Odhadovan\u00e1 doba \u010dten\u00ed\" \/>\n\t<meta name=\"twitter:data1\" content=\"2 minuty\" \/>\n<script type=\"application\/ld+json\" class=\"yoast-schema-graph\">{\"@context\":\"https:\/\/schema.org\",\"@graph\":[{\"@type\":\"WebPage\",\"@id\":\"https:\/\/www.studny-smejkal.cz\/?page_id=311\",\"url\":\"https:\/\/www.studny-smejkal.cz\/?page_id=311\",\"name\":\"Profil firmy -\",\"isPartOf\":{\"@id\":\"https:\/\/www.studny-smejkal.cz\/#website\"},\"datePublished\":\"2024-06-27T20:25:57+00:00\",\"dateModified\":\"2024-07-04T09:53:28+00:00\",\"breadcrumb\":{\"@id\":\"https:\/\/www.studny-smejkal.cz\/?page_id=311#breadcrumb\"},\"inLanguage\":\"cs\",\"potentialAction\":[{\"@type\":\"ReadAction\",\"target\":[\"https:\/\/www.studny-smejkal.cz\/?page_id=311\"]}]},{\"@type\":\"BreadcrumbList\",\"@id\":\"https:\/\/www.studny-smejkal.cz\/?page_id=311#breadcrumb\",\"itemListElement\":[{\"@type\":\"ListItem\",\"position\":1,\"name\":\"Dom\u016f\",\"item\":\"https:\/\/www.studny-smejkal.cz\/\"},{\"@type\":\"ListItem\",\"position\":2,\"name\":\"Profil firmy\"}]},{\"@type\":\"WebSite\",\"@id\":\"https:\/\/www.studny-smejkal.cz\/#website\",\"url\":\"https:\/\/www.studny-smejkal.cz\/\",\"name\":\"studny Smejkal\",\"description\":\"Vrtan\u00e9 studny a vrty pro tepeln\u00e1 \u010derpadla\",\"publisher\":{\"@id\":\"https:\/\/www.studny-smejkal.cz\/#organization\"},\"potentialAction\":[{\"@type\":\"SearchAction\",\"target\":{\"@type\":\"EntryPoint\",\"urlTemplate\":\"https:\/\/www.studny-smejkal.cz\/?s={search_term_string}\"},\"query-input\":{\"@type\":\"PropertyValueSpecification\",\"valueRequired\":true,\"valueName\":\"search_term_string\"}}],\"inLanguage\":\"cs\"},{\"@type\":\"Organization\",\"@id\":\"https:\/\/www.studny-smejkal.cz\/#organization\",\"name\":\"STUDNY S&K, s.r.o.\",\"url\":\"https:\/\/www.studny-smejkal.cz\/\",\"logo\":{\"@type\":\"ImageObject\",\"inLanguage\":\"cs\",\"@id\":\"https:\/\/www.studny-smejkal.cz\/#\/schema\/logo\/image\/\",\"url\":\"https:\/\/www.studny-smejkal.cz\/wp-content\/uploads\/2024\/07\/Studny-Smejkal_Big.jpg\",\"contentUrl\":\"https:\/\/www.studny-smejkal.cz\/wp-content\/uploads\/2024\/07\/Studny-Smejkal_Big.jpg\",\"width\":1189,\"height\":360,\"caption\":\"STUDNY S&K, s.r.o.\"},\"image\":{\"@id\":\"https:\/\/www.studny-smejkal.cz\/#\/schema\/logo\/image\/\"}}]}<\/script>\n<!-- \/ Yoast SEO plugin. -->","yoast_head_json":{"title":"Profil firmy -","robots":{"index":"index","follow":"follow","max-snippet":"max-snippet:-1","max-image-preview":"max-image-preview:large","max-video-preview":"max-video-preview:-1"},"canonical":"https:\/\/www.studny-smejkal.cz\/?page_id=311","og_locale":"cs_CZ","og_type":"article","og_title":"Profil firmy -","og_description":"O na\u0161\u00ed spole\u010dnosti: Firma STUDNY S&amp;K, s.r.o. je odborn\u00edkem na pr\u016fzkumn\u00e9 vrty a vrtan\u00e9 studny. Na trhu p\u016fsob\u00edme ji\u017e od [&hellip;]","og_url":"https:\/\/www.studny-smejkal.cz\/?page_id=311","article_modified_time":"2024-07-04T09:53:28+00:00","twitter_card":"summary_large_image","twitter_misc":{"Odhadovan\u00e1 doba \u010dten\u00ed":"2 minuty"},"schema":{"@context":"https:\/\/schema.org","@graph":[{"@type":"WebPage","@id":"https:\/\/www.studny-smejkal.cz\/?page_id=311","url":"https:\/\/www.studny-smejkal.cz\/?page_id=311","name":"Profil firmy -","isPartOf":{"@id":"https:\/\/www.studny-smejkal.cz\/#website"},"datePublished":"2024-06-27T20:25:57+00:00","dateModified":"2024-07-04T09:53:28+00:00","breadcrumb":{"@id":"https:\/\/www.studny-smejkal.cz\/?page_id=311#breadcrumb"},"inLanguage":"cs","potentialAction":[{"@type":"ReadAction","target":["https:\/\/www.studny-smejkal.cz\/?page_id=311"]}]},{"@type":"BreadcrumbList","@id":"https:\/\/www.studny-smejkal.cz\/?page_id=311#breadcrumb","itemListElement":[{"@type":"ListItem","position":1,"name":"Dom\u016f","item":"https:\/\/www.studny-smejkal.cz\/"},{"@type":"ListItem","position":2,"name":"Profil firmy"}]},{"@type":"WebSite","@id":"https:\/\/www.studny-smejkal.cz\/#website","url":"https:\/\/www.studny-smejkal.cz\/","name":"studny Smejkal","description":"Vrtan\u00e9 studny a vrty pro tepeln\u00e1 \u010derpadla","publisher":{"@id":"https:\/\/www.studny-smejkal.cz\/#organization"},"potentialAction":[{"@type":"SearchAction","target":{"@type":"EntryPoint","urlTemplate":"https:\/\/www.studny-smejkal.cz\/?s={search_term_string}"},"query-input":{"@type":"PropertyValueSpecification","valueRequired":true,"valueName":"search_term_string"}}],"inLanguage":"cs"},{"@type":"Organization","@id":"https:\/\/www.studny-smejkal.cz\/#organization","name":"STUDNY S&K, s.r.o.","url":"https:\/\/www.studny-smejkal.cz\/","logo":{"@type":"ImageObject","inLanguage":"cs","@id":"https:\/\/www.studny-smejkal.cz\/#\/schema\/logo\/image\/","url":"https:\/\/www.studny-smejkal.cz\/wp-content\/uploads\/2024\/07\/Studny-Smejkal_Big.jpg","contentUrl":"https:\/\/www.studny-smejkal.cz\/wp-content\/uploads\/2024\/07\/Studny-Smejkal_Big.jpg","width":1189,"height":360,"caption":"STUDNY S&K, s.r.o."},"image":{"@id":"https:\/\/www.studny-smejkal.cz\/#\/schema\/logo\/image\/"}}]}},"_links":{"self":[{"href":"https:\/\/www.studny-smejkal.cz\/index.php?rest_route=\/wp\/v2\/pages\/311","targetHints":{"allow":["GET"]}}],"collection":[{"href":"https:\/\/www.studny-smejkal.cz\/index.php?rest_route=\/wp\/v2\/pages"}],"about":[{"href":"https:\/\/www.studny-smejkal.cz\/index.php?rest_route=\/wp\/v2\/types\/page"}],"author":[{"embeddable":true,"href":"https:\/\/www.studny-smejkal.cz\/index.php?rest_route=\/wp\/v2\/users\/1"}],"replies":[{"embeddable":true,"href":"https:\/\/www.studny-smejkal.cz\/index.php?rest_route=%2Fwp%2Fv2%2Fcomments&post=311"}],"version-history":[{"count":12,"href":"https:\/\/www.studny-smejkal.cz\/index.php?rest_route=\/wp\/v2\/pages\/311\/revisions"}],"predecessor-version":[{"id":959,"href":"https:\/\/www.studny-smejkal.cz\/index.php?rest_route=\/wp\/v2\/pages\/311\/revisions\/959"}],"wp:attachment":[{"href":"https:\/\/www.studny-smejkal.cz\/index.php?rest_route=%2Fwp%2Fv2%2Fmedia&parent=311"}],"curies":[{"name":"wp","href":"https:\/\/api.w.org\/{rel}","templated":true}]}}