{"id":194,"date":"2024-06-27T09:53:46","date_gmt":"2024-06-27T07:53:46","guid":{"rendered":"https:\/\/www.vrtanestudnyonline.cz\/?page_id=194"},"modified":"2024-06-28T12:09:56","modified_gmt":"2024-06-28T10:09:56","slug":"garantovane-vyhledani-vodniho-pramene","status":"publish","type":"page","link":"https:\/\/www.studny-smejkal.cz\/?page_id=194","title":{"rendered":"Garantovan\u00e9 vyhled\u00e1n\u00ed vodn\u00edho pramene"},"content":{"rendered":"\n<p>Garantujeme \u00fasp\u011b\u0161n\u00e9 vyhled\u00e1n\u00ed vodn\u00edho pramene pomoc\u00ed virgule a proutku. Na\u0161e firma se specializuje na tuto tradi\u010dn\u00ed metodu s dlouholetou prax\u00ed a \u00fasp\u011b\u0161nost\u00ed. Tato technika vyu\u017e\u00edv\u00e1 citlivost a znalosti na\u0161ich zku\u0161en\u00fdch geolog\u016f, kte\u0159\u00ed jsou schopni detekovat p\u0159\u00edtomnost podzemn\u00ed vody pomoc\u00ed p\u0159\u00edrodn\u00edch sign\u00e1l\u016f a energetick\u00fdch tok\u016f.<\/p>\n\n\n\n<p>Pomoc\u00ed virgule, proutku a jejich specifick\u00fdch pohyb\u016f nad povrchem dok\u00e1\u017eeme identifikovat optim\u00e1ln\u00ed m\u00edsto pro vrt\u00e1n\u00ed studny nebo vrtu pro tepeln\u00e9 \u010derpadlo. Tento p\u0159\u00edstup kombinujeme s modern\u00edmi geologick\u00fdmi znalostmi a technologiemi, aby bylo zaji\u0161t\u011bno efektivn\u00ed a spolehliv\u00e9 z\u00e1sobov\u00e1n\u00ed vodou pro va\u0161e pot\u0159eby.<\/p>\n\n\n\n<p>Na\u0161e slu\u017eby zahrnuj\u00ed kompletn\u00ed zpracov\u00e1n\u00ed projektu od pr\u016fzkumu a geologick\u00e9ho pr\u016fzkumu po samotn\u00e9 vrt\u00e1n\u00ed a instalaci. D\u00edky na\u0161\u00ed metod\u011b garantovan\u00e9ho vyhled\u00e1n\u00ed vodn\u00edho pramene v\u00e1m m\u016f\u017eeme poskytnout jistotu, \u017ee va\u0161e investice do zdroje vody bude \u00fasp\u011b\u0161n\u00e1 a dlouhodob\u011b udr\u017eiteln\u00e1.<\/p>\n\n\n\n<p class=\"has-ast-global-color-4-background-color has-background\" style=\"margin-top:var(--wp--preset--spacing--60);margin-right:0;margin-bottom:var(--wp--preset--spacing--60);margin-left:0\"><strong>Garance \u00fasp\u011bchu: <\/strong><br>Pokud p\u0159i vrt\u00e1n\u00ed nenaraz\u00edme na vodu, z\u00e1kazn\u00edk neplat\u00ed \u017e\u00e1dn\u00e9 poplatky. Nav\u00edc v p\u0159\u00edpad\u011b ne\u00fasp\u011bchu v prvn\u00edm pokusu garantujeme proveden\u00ed dal\u0161\u00edho vrtu zdarma. Va\u0161e spokojenost a \u00fasp\u011b\u0161n\u00e9 z\u00e1soben\u00ed vodou jsou pro n\u00e1s prioritou.<\/p>\n","protected":false},"excerpt":{"rendered":"<p>Garantujeme \u00fasp\u011b\u0161n\u00e9 vyhled\u00e1n\u00ed vodn\u00edho pramene pomoc\u00ed virgule a proutku. Na\u0161e firma se specializuje na tuto tradi\u010dn\u00ed metodu s dlouholetou prax\u00ed [&hellip;]<\/p>\n","protected":false},"author":1,"featured_media":0,"parent":0,"menu_order":0,"comment_status":"closed","ping_status":"closed","template":"","meta":{"site-sidebar-layout":"default","site-content-layout":"","ast-site-content-layout":"","site-content-style":"default","site-sidebar-style":"default","ast-global-header-display":"","ast-banner-title-visibility":"","ast-main-header-display":"","ast-hfb-above-header-display":"","ast-hfb-below-header-display":"","ast-hfb-mobile-header-display":"","site-post-title":"","ast-breadcrumbs-content":"","ast-featured-img":"","footer-sml-layout":"","theme-transparent-header-meta":"","adv-header-id-meta":"","stick-header-meta":"","header-above-stick-meta":"","header-main-stick-meta":"","header-below-stick-meta":"","astra-migrate-meta-layouts":"default","ast-page-background-enabled":"default","ast-page-background-meta":{"desktop":{"background-color":"var(--ast-global-color-4)","background-image":"","background-repeat":"repeat","background-position":"center center","background-size":"auto","background-attachment":"scroll","background-type":"","background-media":"","overlay-type":"","overlay-color":"","overlay-opacity":"","overlay-gradient":""},"tablet":{"background-color":"","background-image":"","background-repeat":"repeat","background-position":"center center","background-size":"auto","background-attachment":"scroll","background-type":"","background-media":"","overlay-type":"","overlay-color":"","overlay-opacity":"","overlay-gradient":""},"mobile":{"background-color":"","background-image":"","background-repeat":"repeat","background-position":"center center","background-size":"auto","background-attachment":"scroll","background-type":"","background-media":"","overlay-type":"","overlay-color":"","overlay-opacity":"","overlay-gradient":""}},"ast-content-background-meta":{"desktop":{"background-color":"var(--ast-global-color-5)","background-image":"","background-repeat":"repeat","background-position":"center center","background-size":"auto","background-attachment":"scroll","background-type":"","background-media":"","overlay-type":"","overlay-color":"","overlay-opacity":"","overlay-gradient":""},"tablet":{"background-color":"var(--ast-global-color-5)","background-image":"","background-repeat":"repeat","background-position":"center center","background-size":"auto","background-attachment":"scroll","background-type":"","background-media":"","overlay-type":"","overlay-color":"","overlay-opacity":"","overlay-gradient":""},"mobile":{"background-color":"var(--ast-global-color-5)","background-image":"","background-repeat":"repeat","background-position":"center center","background-size":"auto","background-attachment":"scroll","background-type":"","background-media":"","overlay-type":"","overlay-color":"","overlay-opacity":"","overlay-gradient":""}},"_kadence_starter_templates_imported_post":false,"footnotes":""},"class_list":["post-194","page","type-page","status-publish","hentry"],"yoast_head":"<!-- This site is optimized with the Yoast SEO plugin v23.4 - https:\/\/yoast.com\/wordpress\/plugins\/seo\/ -->\n<title>Garantovan\u00e9 vyhled\u00e1n\u00ed vodn\u00edho pramene -<\/title>\n<meta name=\"robots\" content=\"index, follow, max-snippet:-1, max-image-preview:large, max-video-preview:-1\" \/>\n<link rel=\"canonical\" href=\"https:\/\/www.studny-smejkal.cz\/?page_id=194\" \/>\n<meta property=\"og:locale\" content=\"cs_CZ\" \/>\n<meta property=\"og:type\" content=\"article\" \/>\n<meta property=\"og:title\" content=\"Garantovan\u00e9 vyhled\u00e1n\u00ed vodn\u00edho pramene -\" \/>\n<meta property=\"og:description\" content=\"Garantujeme \u00fasp\u011b\u0161n\u00e9 vyhled\u00e1n\u00ed vodn\u00edho pramene pomoc\u00ed virgule a proutku. Na\u0161e firma se specializuje na tuto tradi\u010dn\u00ed metodu s dlouholetou prax\u00ed [&hellip;]\" \/>\n<meta property=\"og:url\" content=\"https:\/\/www.studny-smejkal.cz\/?page_id=194\" \/>\n<meta property=\"article:modified_time\" content=\"2024-06-28T10:09:56+00:00\" \/>\n<meta name=\"twitter:card\" content=\"summary_large_image\" \/>\n<meta name=\"twitter:label1\" content=\"Odhadovan\u00e1 doba \u010dten\u00ed\" \/>\n\t<meta name=\"twitter:data1\" content=\"1 minuta\" \/>\n<script type=\"application\/ld+json\" class=\"yoast-schema-graph\">{\"@context\":\"https:\/\/schema.org\",\"@graph\":[{\"@type\":\"WebPage\",\"@id\":\"https:\/\/www.studny-smejkal.cz\/?page_id=194\",\"url\":\"https:\/\/www.studny-smejkal.cz\/?page_id=194\",\"name\":\"Garantovan\u00e9 vyhled\u00e1n\u00ed vodn\u00edho pramene -\",\"isPartOf\":{\"@id\":\"https:\/\/www.studny-smejkal.cz\/#website\"},\"datePublished\":\"2024-06-27T07:53:46+00:00\",\"dateModified\":\"2024-06-28T10:09:56+00:00\",\"breadcrumb\":{\"@id\":\"https:\/\/www.studny-smejkal.cz\/?page_id=194#breadcrumb\"},\"inLanguage\":\"cs\",\"potentialAction\":[{\"@type\":\"ReadAction\",\"target\":[\"https:\/\/www.studny-smejkal.cz\/?page_id=194\"]}]},{\"@type\":\"BreadcrumbList\",\"@id\":\"https:\/\/www.studny-smejkal.cz\/?page_id=194#breadcrumb\",\"itemListElement\":[{\"@type\":\"ListItem\",\"position\":1,\"name\":\"Dom\u016f\",\"item\":\"https:\/\/www.studny-smejkal.cz\/\"},{\"@type\":\"ListItem\",\"position\":2,\"name\":\"Garantovan\u00e9 vyhled\u00e1n\u00ed vodn\u00edho pramene\"}]},{\"@type\":\"WebSite\",\"@id\":\"https:\/\/www.studny-smejkal.cz\/#website\",\"url\":\"https:\/\/www.studny-smejkal.cz\/\",\"name\":\"studny Smejkal\",\"description\":\"Vrtan\u00e9 studny a vrty pro tepeln\u00e1 \u010derpadla\",\"publisher\":{\"@id\":\"https:\/\/www.studny-smejkal.cz\/#organization\"},\"potentialAction\":[{\"@type\":\"SearchAction\",\"target\":{\"@type\":\"EntryPoint\",\"urlTemplate\":\"https:\/\/www.studny-smejkal.cz\/?s={search_term_string}\"},\"query-input\":{\"@type\":\"PropertyValueSpecification\",\"valueRequired\":true,\"valueName\":\"search_term_string\"}}],\"inLanguage\":\"cs\"},{\"@type\":\"Organization\",\"@id\":\"https:\/\/www.studny-smejkal.cz\/#organization\",\"name\":\"STUDNY S&K, s.r.o.\",\"url\":\"https:\/\/www.studny-smejkal.cz\/\",\"logo\":{\"@type\":\"ImageObject\",\"inLanguage\":\"cs\",\"@id\":\"https:\/\/www.studny-smejkal.cz\/#\/schema\/logo\/image\/\",\"url\":\"https:\/\/www.studny-smejkal.cz\/wp-content\/uploads\/2024\/07\/Studny-Smejkal_Big.jpg\",\"contentUrl\":\"https:\/\/www.studny-smejkal.cz\/wp-content\/uploads\/2024\/07\/Studny-Smejkal_Big.jpg\",\"width\":1189,\"height\":360,\"caption\":\"STUDNY S&K, s.r.o.\"},\"image\":{\"@id\":\"https:\/\/www.studny-smejkal.cz\/#\/schema\/logo\/image\/\"}}]}<\/script>\n<!-- \/ Yoast SEO plugin. -->","yoast_head_json":{"title":"Garantovan\u00e9 vyhled\u00e1n\u00ed vodn\u00edho pramene -","robots":{"index":"index","follow":"follow","max-snippet":"max-snippet:-1","max-image-preview":"max-image-preview:large","max-video-preview":"max-video-preview:-1"},"canonical":"https:\/\/www.studny-smejkal.cz\/?page_id=194","og_locale":"cs_CZ","og_type":"article","og_title":"Garantovan\u00e9 vyhled\u00e1n\u00ed vodn\u00edho pramene -","og_description":"Garantujeme \u00fasp\u011b\u0161n\u00e9 vyhled\u00e1n\u00ed vodn\u00edho pramene pomoc\u00ed virgule a proutku. Na\u0161e firma se specializuje na tuto tradi\u010dn\u00ed metodu s dlouholetou prax\u00ed [&hellip;]","og_url":"https:\/\/www.studny-smejkal.cz\/?page_id=194","article_modified_time":"2024-06-28T10:09:56+00:00","twitter_card":"summary_large_image","twitter_misc":{"Odhadovan\u00e1 doba \u010dten\u00ed":"1 minuta"},"schema":{"@context":"https:\/\/schema.org","@graph":[{"@type":"WebPage","@id":"https:\/\/www.studny-smejkal.cz\/?page_id=194","url":"https:\/\/www.studny-smejkal.cz\/?page_id=194","name":"Garantovan\u00e9 vyhled\u00e1n\u00ed vodn\u00edho pramene -","isPartOf":{"@id":"https:\/\/www.studny-smejkal.cz\/#website"},"datePublished":"2024-06-27T07:53:46+00:00","dateModified":"2024-06-28T10:09:56+00:00","breadcrumb":{"@id":"https:\/\/www.studny-smejkal.cz\/?page_id=194#breadcrumb"},"inLanguage":"cs","potentialAction":[{"@type":"ReadAction","target":["https:\/\/www.studny-smejkal.cz\/?page_id=194"]}]},{"@type":"BreadcrumbList","@id":"https:\/\/www.studny-smejkal.cz\/?page_id=194#breadcrumb","itemListElement":[{"@type":"ListItem","position":1,"name":"Dom\u016f","item":"https:\/\/www.studny-smejkal.cz\/"},{"@type":"ListItem","position":2,"name":"Garantovan\u00e9 vyhled\u00e1n\u00ed vodn\u00edho pramene"}]},{"@type":"WebSite","@id":"https:\/\/www.studny-smejkal.cz\/#website","url":"https:\/\/www.studny-smejkal.cz\/","name":"studny Smejkal","description":"Vrtan\u00e9 studny a vrty pro tepeln\u00e1 \u010derpadla","publisher":{"@id":"https:\/\/www.studny-smejkal.cz\/#organization"},"potentialAction":[{"@type":"SearchAction","target":{"@type":"EntryPoint","urlTemplate":"https:\/\/www.studny-smejkal.cz\/?s={search_term_string}"},"query-input":{"@type":"PropertyValueSpecification","valueRequired":true,"valueName":"search_term_string"}}],"inLanguage":"cs"},{"@type":"Organization","@id":"https:\/\/www.studny-smejkal.cz\/#organization","name":"STUDNY S&K, s.r.o.","url":"https:\/\/www.studny-smejkal.cz\/","logo":{"@type":"ImageObject","inLanguage":"cs","@id":"https:\/\/www.studny-smejkal.cz\/#\/schema\/logo\/image\/","url":"https:\/\/www.studny-smejkal.cz\/wp-content\/uploads\/2024\/07\/Studny-Smejkal_Big.jpg","contentUrl":"https:\/\/www.studny-smejkal.cz\/wp-content\/uploads\/2024\/07\/Studny-Smejkal_Big.jpg","width":1189,"height":360,"caption":"STUDNY S&K, s.r.o."},"image":{"@id":"https:\/\/www.studny-smejkal.cz\/#\/schema\/logo\/image\/"}}]}},"_links":{"self":[{"href":"https:\/\/www.studny-smejkal.cz\/index.php?rest_route=\/wp\/v2\/pages\/194","targetHints":{"allow":["GET"]}}],"collection":[{"href":"https:\/\/www.studny-smejkal.cz\/index.php?rest_route=\/wp\/v2\/pages"}],"about":[{"href":"https:\/\/www.studny-smejkal.cz\/index.php?rest_route=\/wp\/v2\/types\/page"}],"author":[{"embeddable":true,"href":"https:\/\/www.studny-smejkal.cz\/index.php?rest_route=\/wp\/v2\/users\/1"}],"replies":[{"embeddable":true,"href":"https:\/\/www.studny-smejkal.cz\/index.php?rest_route=%2Fwp%2Fv2%2Fcomments&post=194"}],"version-history":[{"count":6,"href":"https:\/\/www.studny-smejkal.cz\/index.php?rest_route=\/wp\/v2\/pages\/194\/revisions"}],"predecessor-version":[{"id":407,"href":"https:\/\/www.studny-smejkal.cz\/index.php?rest_route=\/wp\/v2\/pages\/194\/revisions\/407"}],"wp:attachment":[{"href":"https:\/\/www.studny-smejkal.cz\/index.php?rest_route=%2Fwp%2Fv2%2Fmedia&parent=194"}],"curies":[{"name":"wp","href":"https:\/\/api.w.org\/{rel}","templated":true}]}}