{"id":191,"date":"2024-06-27T09:51:57","date_gmt":"2024-06-27T07:51:57","guid":{"rendered":"https:\/\/www.vrtanestudnyonline.cz\/?page_id=191"},"modified":"2024-06-28T13:46:17","modified_gmt":"2024-06-28T11:46:17","slug":"vrty-pro-tepelna-cerpadla","status":"publish","type":"page","link":"https:\/\/www.studny-smejkal.cz\/?page_id=191","title":{"rendered":"Vrty pro tepeln\u00e1 \u010derpadla"},"content":{"rendered":"\n<p>Vrty pro tepeln\u00e1 \u010derpadla jsou kl\u00ed\u010dov\u00fdm prvkem pro efektivn\u00ed a ekologick\u00e9 z\u00edsk\u00e1v\u00e1n\u00ed tepeln\u00e9 energie z podzem\u00ed. Na\u0161e spole\u010dnost se specializuje na realizaci t\u011bchto vrt\u016f, kter\u00e9 p\u0159edstavuj\u00ed modern\u00ed a \u00fasporn\u00fd zp\u016fsob vyt\u00e1p\u011bn\u00ed a chlazen\u00ed budov. D\u00edky na\u0161im zku\u0161enostem a odborn\u00fdm znalostem v\u00e1m m\u016f\u017eeme nab\u00eddnout \u0159e\u0161en\u00ed \u0161it\u00e9 na m\u00edru, kter\u00e9 maxim\u00e1ln\u011b vyu\u017eije potenci\u00e1l va\u0161eho pozemku. Nav\u00edc spolupracujeme s p\u0159edn\u00edm dodavatelem tepeln\u00fdch \u010derpadel, <strong>\u0161v\u00e9dskou spole\u010dnost\u00ed NIBE,<\/strong> co\u017e n\u00e1m umo\u017e\u0148uje nab\u00eddnout v\u00e1m vysoce kvalitn\u00ed a spolehliv\u00e1 za\u0159\u00edzen\u00ed.<\/p>\n\n\n\n<p>P\u0159i prov\u00e1d\u011bn\u00ed vrt\u016f pro tepeln\u00e1 \u010derpadla vyu\u017e\u00edv\u00e1me nejnov\u011bj\u0161\u00ed technologie a postupy, kter\u00e9 zaji\u0161\u0165uj\u00ed maxim\u00e1ln\u00ed \u00fa\u010dinnost a spolehlivost cel\u00e9ho syst\u00e9mu. Na\u0161e vrty jsou navr\u017eeny tak, aby optim\u00e1ln\u011b vyu\u017e\u00edvaly geoterm\u00e1ln\u00ed energii, co\u017e p\u0159in\u00e1\u0161\u00ed v\u00fdznamn\u00e9 \u00faspory energie a sn\u00ed\u017een\u00ed n\u00e1klad\u016f na provoz vyt\u00e1p\u011bn\u00ed a chlazen\u00ed.<\/p>\n\n\n\n<div class=\"wp-block-columns is-layout-flex wp-container-core-columns-is-layout-2314a0c1 wp-block-columns-is-layout-flex\" style=\"margin-top:0;margin-bottom:0;padding-top:var(--wp--preset--spacing--50);padding-right:var(--wp--preset--spacing--20);padding-bottom:var(--wp--preset--spacing--50);padding-left:var(--wp--preset--spacing--20)\">\n<div class=\"wp-block-column is-layout-flow wp-block-column-is-layout-flow\">\n<figure class=\"wp-block-image size-large has-custom-border is-style-default\"><img fetchpriority=\"high\" decoding=\"async\" width=\"1024\" height=\"739\" src=\"https:\/\/www.vrtanestudnyonline.cz\/wp-content\/uploads\/2024\/06\/Screenshot-2024-06-28-134236-1024x739.jpg\" alt=\"\" class=\"wp-image-450\" style=\"border-style:none;border-width:0px;object-fit:cover\" srcset=\"https:\/\/www.studny-smejkal.cz\/wp-content\/uploads\/2024\/06\/Screenshot-2024-06-28-134236-1024x739.jpg 1024w, https:\/\/www.studny-smejkal.cz\/wp-content\/uploads\/2024\/06\/Screenshot-2024-06-28-134236-300x216.jpg 300w, https:\/\/www.studny-smejkal.cz\/wp-content\/uploads\/2024\/06\/Screenshot-2024-06-28-134236-768x554.jpg 768w, https:\/\/www.studny-smejkal.cz\/wp-content\/uploads\/2024\/06\/Screenshot-2024-06-28-134236.jpg 1263w\" sizes=\"(max-width: 1024px) 100vw, 1024px\" \/><\/figure>\n<\/div>\n\n\n\n<div class=\"wp-block-column is-layout-flow wp-block-column-is-layout-flow\">\n<p><strong>Hloubka vrt\u016f pro tepeln\u00e1 \u010derpadla se obvykle pohybuje od 50 do 200 metr\u016f<\/strong>, v z\u00e1vislosti na konkr\u00e9tn\u00edch podm\u00ednk\u00e1ch a po\u017eadavc\u00edch dan\u00e9ho projektu. Na\u0161i odborn\u00edci prov\u00e1d\u011bj\u00ed detailn\u00ed geologick\u00fd pr\u016fzkum, aby ur\u010dili nejvhodn\u011bj\u0161\u00ed m\u00edsto a hloubku vrtu, \u010d\u00edm\u017e zaji\u0161\u0165uj\u00ed optim\u00e1ln\u00ed v\u00fdkon tepeln\u00e9ho \u010derpadla.<\/p>\n\n\n\n<p>Vrty realizujeme s maxim\u00e1ln\u00ed p\u0159esnost\u00ed a v souladu s platnou legislativou. Db\u00e1me na minim\u00e1ln\u00ed dopad na \u017eivotn\u00ed prost\u0159ed\u00ed a sna\u017e\u00edme se o co nejefektivn\u011bj\u0161\u00ed vyu\u017eit\u00ed dostupn\u00fdch p\u0159\u00edrodn\u00edch zdroj\u016f. Na\u0161e technick\u00e9 vybaven\u00ed je pravideln\u011b aktualizov\u00e1no, aby odpov\u00eddalo nejvy\u0161\u0161\u00edm standard\u016fm kvality a bezpe\u010dnosti.<\/p>\n\n\n\n<p>Krom\u011b samotn\u00e9ho vrt\u00e1n\u00ed poskytujeme tak\u00e9 kompletn\u00ed servis a odborn\u00e9 poradenstv\u00ed. Pom\u016f\u017eeme v\u00e1m s v\u00fdb\u011brem vhodn\u00e9ho tepeln\u00e9ho \u010derpadla, navrhneme optim\u00e1ln\u00ed \u0159e\u0161en\u00ed pro v\u00e1\u0161 konkr\u00e9tn\u00ed projekt a zajist\u00edme profesion\u00e1ln\u00ed instalaci a spu\u0161t\u011bn\u00ed cel\u00e9ho syst\u00e9mu.<\/p>\n\n\n\n<p>Na\u0161\u00edm c\u00edlem je poskytovat spolehliv\u00e9 a vysoce kvalitn\u00ed slu\u017eby, kter\u00e9 p\u0159isp\u00edvaj\u00ed k dlouhodob\u00e9 spokojenosti na\u0161ich z\u00e1kazn\u00edk\u016f. S na\u0161imi vrty pro tepeln\u00e1 \u010derpadla z\u00edsk\u00e1te efektivn\u00ed a ekologick\u00e9 \u0159e\u0161en\u00ed vyt\u00e1p\u011bn\u00ed a chlazen\u00ed, kter\u00e9 v\u00e1m p\u0159inese \u00faspory a komfort po mnoho let.<\/p>\n<\/div>\n<\/div>\n\n\n\n<div class=\"wp-block-columns is-layout-flex wp-container-core-columns-is-layout-28f84493 wp-block-columns-is-layout-flex\">\n<div class=\"wp-block-column is-layout-flow wp-block-column-is-layout-flow\">\n<p><strong>Geoterm\u00e1ln\u00ed sonda JANSEN<\/strong><\/p>\n\n\n\n<p>V r\u00e1mci na\u0161ich slu\u017eeb pro vrt\u00e1n\u00ed studn\u00ed pro tepeln\u00e1 \u010derpadla spolupracujeme s renomovan\u00fdm dodavatelem komponent\u016f do vrt\u016f, <strong>\u0161v\u00fdcarskou firmou JANSEN<\/strong>. Tato spolupr\u00e1ce n\u00e1m umo\u017e\u0148uje dod\u00e1vat do na\u0161ich projekt\u016f vysoce kvalitn\u00ed a spolehliv\u00e9 komponenty, kter\u00e9 jsou navr\u017eeny pro maxim\u00e1ln\u00ed efektivitu a dlouhou \u017eivotnost.<\/p>\n\n\n\n<p>Komponenty od firmy JANSEN jsou zn\u00e1m\u00e9 svou technologickou inovac\u00ed a pevnost\u00ed, co\u017e je kl\u00ed\u010dov\u00e9 pro zaji\u0161t\u011bn\u00ed stabiln\u00edho a bezprobl\u00e9mov\u00e9ho provozu va\u0161ich vrt\u016f pro tepeln\u00e1 \u010derpadla. Na\u0161i odborn\u00edci pe\u010dliv\u011b vyb\u00edraj\u00ed komponenty podle specifikac\u00ed ka\u017ed\u00e9ho projektu, aby bylo dosa\u017eeno optim\u00e1ln\u00edho v\u00fdkonu a spokojenosti z\u00e1kazn\u00edka.<\/p>\n\n\n\n<p>D\u00edky t\u00e9to spolupr\u00e1ci jsme schopni nab\u00eddnout komplexn\u00ed \u0159e\u0161en\u00ed pro vrt\u00e1n\u00ed studn\u00ed pro tepeln\u00e1 \u010derpadla, kter\u00e9 spl\u0148uje nejvy\u0161\u0161\u00ed standardy kvality a technologick\u00e9ho pokroku. Jsme tu pro v\u00e1s, abychom zajistili, \u017ee va\u0161e investice do vyt\u00e1p\u011bn\u00ed a chlazen\u00ed pomoc\u00ed tepeln\u00fdch \u010derpadel budou m\u00edt dlouhodob\u00fd a efektivn\u00ed \u00fa\u010dinek.<\/p>\n\n\n\n<p>Informace k k Geoterm\u00e1ln\u00ed sond\u011b JANSEN naleznete ZDE<\/p>\n<\/div>\n\n\n\n<div class=\"wp-block-column is-layout-flow wp-block-column-is-layout-flow\">\n<figure class=\"wp-block-image size-large\"><img decoding=\"async\" width=\"1024\" height=\"888\" src=\"https:\/\/www.vrtanestudnyonline.cz\/wp-content\/uploads\/2024\/06\/Screenshot-2024-06-28-123712-1-1024x888.jpg\" alt=\"\" class=\"wp-image-449\" srcset=\"https:\/\/www.studny-smejkal.cz\/wp-content\/uploads\/2024\/06\/Screenshot-2024-06-28-123712-1-1024x888.jpg 1024w, https:\/\/www.studny-smejkal.cz\/wp-content\/uploads\/2024\/06\/Screenshot-2024-06-28-123712-1-300x260.jpg 300w, https:\/\/www.studny-smejkal.cz\/wp-content\/uploads\/2024\/06\/Screenshot-2024-06-28-123712-1-768x666.jpg 768w, https:\/\/www.studny-smejkal.cz\/wp-content\/uploads\/2024\/06\/Screenshot-2024-06-28-123712-1.jpg 1196w\" sizes=\"(max-width: 1024px) 100vw, 1024px\" \/><\/figure>\n<\/div>\n<\/div>\n\n\n\n<hr\/>\n","protected":false},"excerpt":{"rendered":"<p>Vrty pro tepeln\u00e1 \u010derpadla jsou kl\u00ed\u010dov\u00fdm prvkem pro efektivn\u00ed a ekologick\u00e9 z\u00edsk\u00e1v\u00e1n\u00ed tepeln\u00e9 energie z podzem\u00ed. Na\u0161e spole\u010dnost se specializuje [&hellip;]<\/p>\n","protected":false},"author":1,"featured_media":0,"parent":0,"menu_order":0,"comment_status":"closed","ping_status":"closed","template":"","meta":{"site-sidebar-layout":"default","site-content-layout":"","ast-site-content-layout":"","site-content-style":"default","site-sidebar-style":"default","ast-global-header-display":"","ast-banner-title-visibility":"","ast-main-header-display":"","ast-hfb-above-header-display":"","ast-hfb-below-header-display":"","ast-hfb-mobile-header-display":"","site-post-title":"","ast-breadcrumbs-content":"","ast-featured-img":"","footer-sml-layout":"","theme-transparent-header-meta":"","adv-header-id-meta":"","stick-header-meta":"","header-above-stick-meta":"","header-main-stick-meta":"","header-below-stick-meta":"","astra-migrate-meta-layouts":"default","ast-page-background-enabled":"default","ast-page-background-meta":{"desktop":{"background-color":"var(--ast-global-color-4)","background-image":"","background-repeat":"repeat","background-position":"center center","background-size":"auto","background-attachment":"scroll","background-type":"","background-media":"","overlay-type":"","overlay-color":"","overlay-opacity":"","overlay-gradient":""},"tablet":{"background-color":"","background-image":"","background-repeat":"repeat","background-position":"center center","background-size":"auto","background-attachment":"scroll","background-type":"","background-media":"","overlay-type":"","overlay-color":"","overlay-opacity":"","overlay-gradient":""},"mobile":{"background-color":"","background-image":"","background-repeat":"repeat","background-position":"center center","background-size":"auto","background-attachment":"scroll","background-type":"","background-media":"","overlay-type":"","overlay-color":"","overlay-opacity":"","overlay-gradient":""}},"ast-content-background-meta":{"desktop":{"background-color":"var(--ast-global-color-5)","background-image":"","background-repeat":"repeat","background-position":"center center","background-size":"auto","background-attachment":"scroll","background-type":"","background-media":"","overlay-type":"","overlay-color":"","overlay-opacity":"","overlay-gradient":""},"tablet":{"background-color":"var(--ast-global-color-5)","background-image":"","background-repeat":"repeat","background-position":"center center","background-size":"auto","background-attachment":"scroll","background-type":"","background-media":"","overlay-type":"","overlay-color":"","overlay-opacity":"","overlay-gradient":""},"mobile":{"background-color":"var(--ast-global-color-5)","background-image":"","background-repeat":"repeat","background-position":"center center","background-size":"auto","background-attachment":"scroll","background-type":"","background-media":"","overlay-type":"","overlay-color":"","overlay-opacity":"","overlay-gradient":""}},"_kadence_starter_templates_imported_post":false,"footnotes":""},"class_list":["post-191","page","type-page","status-publish","hentry"],"yoast_head":"<!-- This site is optimized with the Yoast SEO plugin v23.4 - https:\/\/yoast.com\/wordpress\/plugins\/seo\/ -->\n<title>Vrty pro tepeln\u00e1 \u010derpadla -<\/title>\n<meta name=\"robots\" content=\"index, follow, max-snippet:-1, max-image-preview:large, max-video-preview:-1\" \/>\n<link rel=\"canonical\" href=\"https:\/\/www.studny-smejkal.cz\/?page_id=191\" \/>\n<meta property=\"og:locale\" content=\"cs_CZ\" \/>\n<meta property=\"og:type\" content=\"article\" \/>\n<meta property=\"og:title\" content=\"Vrty pro tepeln\u00e1 \u010derpadla -\" \/>\n<meta property=\"og:description\" content=\"Vrty pro tepeln\u00e1 \u010derpadla jsou kl\u00ed\u010dov\u00fdm prvkem pro efektivn\u00ed a ekologick\u00e9 z\u00edsk\u00e1v\u00e1n\u00ed tepeln\u00e9 energie z podzem\u00ed. Na\u0161e spole\u010dnost se specializuje [&hellip;]\" \/>\n<meta property=\"og:url\" content=\"https:\/\/www.studny-smejkal.cz\/?page_id=191\" \/>\n<meta property=\"article:modified_time\" content=\"2024-06-28T11:46:17+00:00\" \/>\n<meta property=\"og:image\" content=\"https:\/\/www.vrtanestudnyonline.cz\/wp-content\/uploads\/2024\/06\/Screenshot-2024-06-28-134236-1024x739.jpg\" \/>\n<meta name=\"twitter:card\" content=\"summary_large_image\" \/>\n<meta name=\"twitter:label1\" content=\"Odhadovan\u00e1 doba \u010dten\u00ed\" \/>\n\t<meta name=\"twitter:data1\" content=\"3 minuty\" \/>\n<script type=\"application\/ld+json\" class=\"yoast-schema-graph\">{\"@context\":\"https:\/\/schema.org\",\"@graph\":[{\"@type\":\"WebPage\",\"@id\":\"https:\/\/www.studny-smejkal.cz\/?page_id=191\",\"url\":\"https:\/\/www.studny-smejkal.cz\/?page_id=191\",\"name\":\"Vrty pro tepeln\u00e1 \u010derpadla -\",\"isPartOf\":{\"@id\":\"https:\/\/www.studny-smejkal.cz\/#website\"},\"primaryImageOfPage\":{\"@id\":\"https:\/\/www.studny-smejkal.cz\/?page_id=191#primaryimage\"},\"image\":{\"@id\":\"https:\/\/www.studny-smejkal.cz\/?page_id=191#primaryimage\"},\"thumbnailUrl\":\"https:\/\/www.vrtanestudnyonline.cz\/wp-content\/uploads\/2024\/06\/Screenshot-2024-06-28-134236-1024x739.jpg\",\"datePublished\":\"2024-06-27T07:51:57+00:00\",\"dateModified\":\"2024-06-28T11:46:17+00:00\",\"breadcrumb\":{\"@id\":\"https:\/\/www.studny-smejkal.cz\/?page_id=191#breadcrumb\"},\"inLanguage\":\"cs\",\"potentialAction\":[{\"@type\":\"ReadAction\",\"target\":[\"https:\/\/www.studny-smejkal.cz\/?page_id=191\"]}]},{\"@type\":\"ImageObject\",\"inLanguage\":\"cs\",\"@id\":\"https:\/\/www.studny-smejkal.cz\/?page_id=191#primaryimage\",\"url\":\"https:\/\/www.vrtanestudnyonline.cz\/wp-content\/uploads\/2024\/06\/Screenshot-2024-06-28-134236-1024x739.jpg\",\"contentUrl\":\"https:\/\/www.vrtanestudnyonline.cz\/wp-content\/uploads\/2024\/06\/Screenshot-2024-06-28-134236-1024x739.jpg\"},{\"@type\":\"BreadcrumbList\",\"@id\":\"https:\/\/www.studny-smejkal.cz\/?page_id=191#breadcrumb\",\"itemListElement\":[{\"@type\":\"ListItem\",\"position\":1,\"name\":\"Dom\u016f\",\"item\":\"https:\/\/www.studny-smejkal.cz\/\"},{\"@type\":\"ListItem\",\"position\":2,\"name\":\"Vrty pro tepeln\u00e1 \u010derpadla\"}]},{\"@type\":\"WebSite\",\"@id\":\"https:\/\/www.studny-smejkal.cz\/#website\",\"url\":\"https:\/\/www.studny-smejkal.cz\/\",\"name\":\"studny Smejkal\",\"description\":\"Vrtan\u00e9 studny a vrty pro tepeln\u00e1 \u010derpadla\",\"publisher\":{\"@id\":\"https:\/\/www.studny-smejkal.cz\/#organization\"},\"potentialAction\":[{\"@type\":\"SearchAction\",\"target\":{\"@type\":\"EntryPoint\",\"urlTemplate\":\"https:\/\/www.studny-smejkal.cz\/?s={search_term_string}\"},\"query-input\":{\"@type\":\"PropertyValueSpecification\",\"valueRequired\":true,\"valueName\":\"search_term_string\"}}],\"inLanguage\":\"cs\"},{\"@type\":\"Organization\",\"@id\":\"https:\/\/www.studny-smejkal.cz\/#organization\",\"name\":\"STUDNY S&K, s.r.o.\",\"url\":\"https:\/\/www.studny-smejkal.cz\/\",\"logo\":{\"@type\":\"ImageObject\",\"inLanguage\":\"cs\",\"@id\":\"https:\/\/www.studny-smejkal.cz\/#\/schema\/logo\/image\/\",\"url\":\"https:\/\/www.studny-smejkal.cz\/wp-content\/uploads\/2024\/07\/Studny-Smejkal_Big.jpg\",\"contentUrl\":\"https:\/\/www.studny-smejkal.cz\/wp-content\/uploads\/2024\/07\/Studny-Smejkal_Big.jpg\",\"width\":1189,\"height\":360,\"caption\":\"STUDNY S&K, s.r.o.\"},\"image\":{\"@id\":\"https:\/\/www.studny-smejkal.cz\/#\/schema\/logo\/image\/\"}}]}<\/script>\n<!-- \/ Yoast SEO plugin. -->","yoast_head_json":{"title":"Vrty pro tepeln\u00e1 \u010derpadla -","robots":{"index":"index","follow":"follow","max-snippet":"max-snippet:-1","max-image-preview":"max-image-preview:large","max-video-preview":"max-video-preview:-1"},"canonical":"https:\/\/www.studny-smejkal.cz\/?page_id=191","og_locale":"cs_CZ","og_type":"article","og_title":"Vrty pro tepeln\u00e1 \u010derpadla -","og_description":"Vrty pro tepeln\u00e1 \u010derpadla jsou kl\u00ed\u010dov\u00fdm prvkem pro efektivn\u00ed a ekologick\u00e9 z\u00edsk\u00e1v\u00e1n\u00ed tepeln\u00e9 energie z podzem\u00ed. Na\u0161e spole\u010dnost se specializuje [&hellip;]","og_url":"https:\/\/www.studny-smejkal.cz\/?page_id=191","article_modified_time":"2024-06-28T11:46:17+00:00","og_image":[{"url":"https:\/\/www.vrtanestudnyonline.cz\/wp-content\/uploads\/2024\/06\/Screenshot-2024-06-28-134236-1024x739.jpg"}],"twitter_card":"summary_large_image","twitter_misc":{"Odhadovan\u00e1 doba \u010dten\u00ed":"3 minuty"},"schema":{"@context":"https:\/\/schema.org","@graph":[{"@type":"WebPage","@id":"https:\/\/www.studny-smejkal.cz\/?page_id=191","url":"https:\/\/www.studny-smejkal.cz\/?page_id=191","name":"Vrty pro tepeln\u00e1 \u010derpadla -","isPartOf":{"@id":"https:\/\/www.studny-smejkal.cz\/#website"},"primaryImageOfPage":{"@id":"https:\/\/www.studny-smejkal.cz\/?page_id=191#primaryimage"},"image":{"@id":"https:\/\/www.studny-smejkal.cz\/?page_id=191#primaryimage"},"thumbnailUrl":"https:\/\/www.vrtanestudnyonline.cz\/wp-content\/uploads\/2024\/06\/Screenshot-2024-06-28-134236-1024x739.jpg","datePublished":"2024-06-27T07:51:57+00:00","dateModified":"2024-06-28T11:46:17+00:00","breadcrumb":{"@id":"https:\/\/www.studny-smejkal.cz\/?page_id=191#breadcrumb"},"inLanguage":"cs","potentialAction":[{"@type":"ReadAction","target":["https:\/\/www.studny-smejkal.cz\/?page_id=191"]}]},{"@type":"ImageObject","inLanguage":"cs","@id":"https:\/\/www.studny-smejkal.cz\/?page_id=191#primaryimage","url":"https:\/\/www.vrtanestudnyonline.cz\/wp-content\/uploads\/2024\/06\/Screenshot-2024-06-28-134236-1024x739.jpg","contentUrl":"https:\/\/www.vrtanestudnyonline.cz\/wp-content\/uploads\/2024\/06\/Screenshot-2024-06-28-134236-1024x739.jpg"},{"@type":"BreadcrumbList","@id":"https:\/\/www.studny-smejkal.cz\/?page_id=191#breadcrumb","itemListElement":[{"@type":"ListItem","position":1,"name":"Dom\u016f","item":"https:\/\/www.studny-smejkal.cz\/"},{"@type":"ListItem","position":2,"name":"Vrty pro tepeln\u00e1 \u010derpadla"}]},{"@type":"WebSite","@id":"https:\/\/www.studny-smejkal.cz\/#website","url":"https:\/\/www.studny-smejkal.cz\/","name":"studny Smejkal","description":"Vrtan\u00e9 studny a vrty pro tepeln\u00e1 \u010derpadla","publisher":{"@id":"https:\/\/www.studny-smejkal.cz\/#organization"},"potentialAction":[{"@type":"SearchAction","target":{"@type":"EntryPoint","urlTemplate":"https:\/\/www.studny-smejkal.cz\/?s={search_term_string}"},"query-input":{"@type":"PropertyValueSpecification","valueRequired":true,"valueName":"search_term_string"}}],"inLanguage":"cs"},{"@type":"Organization","@id":"https:\/\/www.studny-smejkal.cz\/#organization","name":"STUDNY S&K, s.r.o.","url":"https:\/\/www.studny-smejkal.cz\/","logo":{"@type":"ImageObject","inLanguage":"cs","@id":"https:\/\/www.studny-smejkal.cz\/#\/schema\/logo\/image\/","url":"https:\/\/www.studny-smejkal.cz\/wp-content\/uploads\/2024\/07\/Studny-Smejkal_Big.jpg","contentUrl":"https:\/\/www.studny-smejkal.cz\/wp-content\/uploads\/2024\/07\/Studny-Smejkal_Big.jpg","width":1189,"height":360,"caption":"STUDNY S&K, s.r.o."},"image":{"@id":"https:\/\/www.studny-smejkal.cz\/#\/schema\/logo\/image\/"}}]}},"_links":{"self":[{"href":"https:\/\/www.studny-smejkal.cz\/index.php?rest_route=\/wp\/v2\/pages\/191","targetHints":{"allow":["GET"]}}],"collection":[{"href":"https:\/\/www.studny-smejkal.cz\/index.php?rest_route=\/wp\/v2\/pages"}],"about":[{"href":"https:\/\/www.studny-smejkal.cz\/index.php?rest_route=\/wp\/v2\/types\/page"}],"author":[{"embeddable":true,"href":"https:\/\/www.studny-smejkal.cz\/index.php?rest_route=\/wp\/v2\/users\/1"}],"replies":[{"embeddable":true,"href":"https:\/\/www.studny-smejkal.cz\/index.php?rest_route=%2Fwp%2Fv2%2Fcomments&post=191"}],"version-history":[{"count":27,"href":"https:\/\/www.studny-smejkal.cz\/index.php?rest_route=\/wp\/v2\/pages\/191\/revisions"}],"predecessor-version":[{"id":452,"href":"https:\/\/www.studny-smejkal.cz\/index.php?rest_route=\/wp\/v2\/pages\/191\/revisions\/452"}],"wp:attachment":[{"href":"https:\/\/www.studny-smejkal.cz\/index.php?rest_route=%2Fwp%2Fv2%2Fmedia&parent=191"}],"curies":[{"name":"wp","href":"https:\/\/api.w.org\/{rel}","templated":true}]}}