{"id":188,"date":"2024-06-27T09:50:09","date_gmt":"2024-06-27T07:50:09","guid":{"rendered":"https:\/\/www.vrtanestudnyonline.cz\/?page_id=188"},"modified":"2024-07-13T06:24:07","modified_gmt":"2024-07-13T04:24:07","slug":"vrtane-studny-praha-stredocesky-kraj","status":"publish","type":"page","link":"https:\/\/www.studny-smejkal.cz\/?page_id=188","title":{"rendered":"Vrtan\u00e9 studny"},"content":{"rendered":"\n<p class=\"has-background has-medium-font-size\" style=\"background-color:#d0d5db3d\">Zva\u017eujete, zda zvolit vrtanou nebo kopanou studnu?<\/p>\n\n\n\n<p>Kopan\u00e1 studna je vhodn\u00e1 pouze tehdy, m\u00e1te-li vydatn\u00fd zdroj vody m\u011blce pod povrchem a vrstva se zdrojem vody m\u00e1 vysokou propustnost. Ve v\u0161ech ostatn\u00edch p\u0159\u00edpadech je nutn\u00e9 zvolit vrtanou studnu. Dal\u0161\u00ed v\u00fdhody vrtan\u00e9 studny naleznete n\u00ed\u017ee.<\/p>\n\n\n\n<p>Pokud pot\u0159ebujete poradit ohledn\u011b v\u00fdb\u011bru studny, nev\u00e1hejte n\u00e1s kontaktovat. <strong>Nab\u00edz\u00edme nez\u00e1vazn\u00e9 konzultace<\/strong>, p\u0159i kter\u00fdch v\u00e1m poskytneme odborn\u00e9 rady a informace. M\u016f\u017eeme v\u00e1m tak\u00e9 p\u0159ipravit cenovou nab\u00eddku na m\u00edru, aby v\u00e1m na\u0161e slu\u017eby vyhovovaly jak po technick\u00e9, tak po finan\u010dn\u00ed str\u00e1nce. <em>(Nic z&nbsp;toho v\u00e1s nezavazuje k&nbsp;tomu, aby jste si u n\u00e1s objednali va\u0161i novou vrtanou studnu.)<\/em><\/p>\n\n\n\n<p>Nav\u00edc prov\u00e1d\u00edme zji\u0161t\u011bn\u00ed hloubky a s\u00edly pramene vody p\u0159\u00edmo na va\u0161em pozemku, abyste m\u011bli jistotu, \u017ee vrtan\u00e1 studna bude pln\u011b vyhovovat va\u0161im pot\u0159eb\u00e1m. Nev\u00e1hejte se na n\u00e1s obr\u00e1tit s jak\u00fdmikoli dotazy nebo po\u017eadavky.<\/p>\n\n\n\n<p class=\"has-background has-medium-font-size\" style=\"background-color:#d0d5db3d\">Vrtan\u00e9 studny na kl\u00ed\u010d<\/p>\n\n\n\n<p>Vrtn\u00e9 studny p\u0159edstavuj\u00ed efektivn\u00ed \u0159e\u0161en\u00ed pro z\u00edsk\u00e1v\u00e1n\u00ed podzemn\u00ed vody, a to jak pro soukrom\u00e9, tak i pro komer\u010dn\u00ed vyu\u017eit\u00ed. Na\u0161e spole\u010dnost nab\u00edz\u00ed komplexn\u00ed slu\u017eby v oblasti v\u00fdstavby vrtan\u00fdch studn\u00ed, kter\u00e9 realizujeme s maxim\u00e1ln\u00ed p\u0159esnost\u00ed a v souladu s nejvy\u0161\u0161\u00edmi standardy kvality.<\/p>\n\n\n\n<p>Vrty pro studny prov\u00e1d\u00edme s <strong>maxim\u00e1ln\u00edm pr\u016fm\u011brem 273 mm<\/strong> v nestabiln\u00edm podlo\u017e\u00ed. Tento v\u011bt\u0161\u00ed pr\u016fm\u011br vrtu n\u00e1m umo\u017e\u0148uje zajistit stabilitu vrtu v m\u00e9n\u011b pevn\u00fdch vrstv\u00e1ch p\u016fdy a chr\u00e1nit vrt p\u0159ed sesuvy a kolapsy. V stabiln\u00edm podlo\u017e\u00ed pak pou\u017e\u00edv\u00e1me pr\u016fm\u011br vrtu a\u017e 253 mm, co\u017e je dostate\u010dn\u00e9 pro zaji\u0161t\u011bn\u00ed spolehliv\u00e9ho p\u0159\u00edstupu k podzemn\u00ed vod\u011b i p\u0159i men\u0161\u00ed pot\u0159eb\u011b ochrann\u00fdch opat\u0159en\u00ed.<\/p>\n\n\n\n<p><strong>Hloubka na\u0161ich vrt\u016f dosahuje a\u017e 200 metr\u016f<\/strong>, co\u017e n\u00e1m umo\u017e\u0148uje p\u0159istupovat k vodn\u00edm zdroj\u016fm nach\u00e1zej\u00edc\u00edm se i v hlub\u0161\u00edch vrstv\u00e1ch zemsk\u00e9 k\u016fry. T\u00edm zaji\u0161\u0165ujeme dostate\u010dn\u00fd a kvalitn\u00ed p\u0159\u00edsun vody pro va\u0161e pot\u0159eby.<\/p>\n\n\n\n<p>P\u0159i v\u00fdstavb\u011b vrtan\u00fdch studn\u00ed vyu\u017e\u00edv\u00e1me nejmodern\u011bj\u0161\u00ed vrtn\u00e9 technologie a postupy, kter\u00e9 zaru\u010duj\u00ed efektivn\u00ed a bezpe\u010dn\u00fd pr\u016fb\u011bh vrt\u00e1n\u00ed. Na\u0161e technick\u00e9 vybaven\u00ed je pravideln\u011b modernizov\u00e1no, aby spl\u0148ovalo aktu\u00e1ln\u00ed technick\u00e9 normy a legislativn\u00ed po\u017eadavky.<\/p>\n\n\n\n<p>Sou\u010d\u00e1st\u00ed na\u0161ich slu\u017eeb je tak\u00e9 detailn\u00ed geologick\u00fd a hydrogeologick\u00fd pr\u016fzkum, kter\u00fd n\u00e1m umo\u017e\u0148uje p\u0159esn\u011b ur\u010dit nejlep\u0161\u00ed m\u00edsto pro vrt\u00e1n\u00ed studny. Na z\u00e1klad\u011b z\u00edskan\u00fdch dat p\u0159ipravujeme podrobnou z\u00e1v\u011bre\u010dnou zpr\u00e1vu, kter\u00e1 obsahuje anal\u00fdzu podlo\u017e\u00ed, kvality a mno\u017estv\u00ed podzemn\u00ed vody a doporu\u010den\u00ed pro dal\u0161\u00ed kroky.<\/p>\n\n\n\n<p>Na\u0161\u00edm hlavn\u00edm c\u00edlem je poskytovat kvalitn\u00ed a spolehliv\u00e9 slu\u017eby, kter\u00e9 napln\u00ed o\u010dek\u00e1v\u00e1n\u00ed na\u0161ich z\u00e1kazn\u00edk\u016f. V\u0161echny pr\u00e1ce prov\u00e1d\u00edme v souladu s platnou legislativou a s d\u016frazem na bezpe\u010dnost a udr\u017eitelnost. S n\u00e1mi m\u00e1te jistotu, \u017ee va\u0161e vrtan\u00e1 studna bude vybudov\u00e1na profesion\u00e1ln\u011b a efektivn\u011b, \u010d\u00edm\u017e zajist\u00edte dlouhodob\u00fd a stabiln\u00ed zdroj vody.<\/p>\n\n\n\n<p class=\"has-background has-medium-font-size\" style=\"background-color:#d0d5db3d\">Vrtan\u00e1 studna a jej\u00ed v\u00fdhody<\/p>\n\n\n\n<p>Vrtan\u00e1 studna nab\u00edz\u00ed oproti kopan\u00e9 studni mnoho v\u00fdznamn\u00fdch v\u00fdhod.  <br>Zde je n\u011bkolik d\u016fvod\u016f, pro\u010d zvolit vrtanou studnu:<\/p>\n\n\n\n<ul class=\"wp-block-list\">\n<li>Vrt\u00e1n\u00ed studny trv\u00e1 v\u00fdrazn\u011b krat\u0161\u00ed dobu ne\u017e kop\u00e1n\u00ed studny<\/li>\n\n\n\n<li>Voda z v\u011bt\u0161\u00ed hloubky je kvalitn\u011bj\u0161\u00ed a \u010dist\u0161\u00ed, proto\u017ee poch\u00e1z\u00ed ze spodn\u00edch vrstev.<\/li>\n\n\n\n<li>Stabiln\u011bj\u0161\u00ed z\u00e1sobov\u00e1n\u00ed vodou, m\u00e9n\u011b ovlivn\u011bn\u00e9 zm\u011bnami po\u010das\u00ed a suchem.<\/li>\n\n\n\n<li>Lep\u0161\u00ed ochrana proti zne\u010di\u0161t\u011bn\u00ed a kontaminaci d\u00edky kvalitn\u00edmu ut\u011bsn\u011bn\u00ed vrtu.<\/li>\n\n\n\n<li>Instalace \u010derpadla do vrtan\u00e9 studny je jednodu\u0161\u0161\u00ed.<\/li>\n\n\n\n<li>Vrtan\u00e1 studna m\u00e1 vy\u0161\u0161\u00ed vydatnost zdroje vody ne\u017e kopan\u00e1 studna.<\/li>\n\n\n\n<li>N\u00e1klady na vrtanou studnu jsou v porovn\u00e1n\u00ed s hloubkou ni\u017e\u0161\u00ed.<\/li>\n\n\n\n<li>Vrtan\u00e1 studna zab\u00edr\u00e1 m\u00e9n\u011b prostoru ne\u017e kopan\u00e1.<\/li>\n\n\n\n<li>Men\u0161\u00ed zne\u010di\u0161t\u011bn\u00ed okoln\u00edho ter\u00e9nu p\u0159i vrt\u00e1n\u00ed ve srovn\u00e1n\u00ed s kop\u00e1n\u00edm.<\/li>\n\n\n\n<li>Mo\u017enost um\u00edst\u011bn\u00ed studny na obt\u00ed\u017en\u011b p\u0159\u00edstupn\u00fdch m\u00edstech, kde by kop\u00e1n\u00ed nebylo mo\u017en\u00e9.<\/li>\n\n\n\n<li>Mnohem men\u0161\u00ed mno\u017estv\u00ed vyvrtan\u00e9ho materi\u00e1lu ne\u017e p\u0159i kop\u00e1n\u00ed studny.<\/li>\n<\/ul>\n\n\n\n<p class=\"has-background has-medium-font-size\" style=\"background-color:#d0d5db3d\">Pr\u016fb\u011bh dod\u00e1vky<\/p>\n\n\n\n<p>Na\u0161e slu\u017eby jsou profesion\u00e1ln\u00ed a komplexn\u00ed. Studny na kl\u00ed\u010d realizujeme pomoc\u00ed vlastn\u00edch kapacit, bez subdod\u00e1vek, co\u017e n\u00e1m umo\u017e\u0148uje m\u00edt cel\u00fd projekt pln\u011b pod kontrolou. Na\u0161e dod\u00e1vka zahrnuje:<\/p>\n\n\n\n<ul class=\"wp-block-list\">\n<li>Prvotn\u00ed obhl\u00eddku m\u00edsta.<\/li>\n\n\n\n<li>Spr\u00e1vn\u00e9 dimenzov\u00e1n\u00ed studny.<\/li>\n\n\n\n<li>Vypracov\u00e1n\u00ed projektov\u00e9 dokumentace (nutn\u00e9 pro vyd\u00e1n\u00ed stavebn\u00edho povolen\u00ed).<\/li>\n\n\n\n<li>Vy\u0159\u00edzen\u00ed pot\u0159ebn\u00e9 legislativy a povolen\u00ed na \u00fa\u0159adech.<\/li>\n\n\n\n<li>Vyd\u00e1n\u00ed stavebn\u00edho povolen\u00ed (vyd\u00e1v\u00e1 p\u0159\u00edslu\u0161n\u00fd \u00fa\u0159ad kde se realizuje vrt).<\/li>\n\n\n\n<li>Proveden\u00ed vrtac\u00edch prac\u00ed.<\/li>\n\n\n\n<li>Vyd\u00e1n\u00ed z\u00e1v\u011bre\u010dn\u00e9 zpr\u00e1vy k vyvrtan\u00e9 studni.<\/li>\n\n\n\n<li>Instalaci \u010derpac\u00ed technologie.<\/li>\n\n\n\n<li>P\u0159ed\u00e1n\u00ed objednateli.<\/li>\n<\/ul>\n\n\n\n<p>Bli\u017e\u0161\u00ed informace o jednotliv\u00fdch kroc\u00edch o pr\u016fb\u011bhu dod\u00e1vky a jednotliv\u00fdch plateb naleznete <a href=\"https:\/\/www.vrtanestudnyonline.cz\/?page_id=170\"><strong>ZDE<\/strong><\/a><\/p>\n\n\n\n<hr\/>\n\n\n\n<p>Odkazy:<\/p>\n\n\n\n<p><a href=\"https:\/\/www.vrtanestudnyonline.cz\/prubeh-dodavky\/\">Pr\u016fb\u011bh dod\u00e1vky<\/a><br>Popt\u00e1vkov\u00fd formul\u00e1\u0159<br><a href=\"https:\/\/www.vrtanestudnyonline.cz\/?page_id=493\">Cen\u00edk prac\u00ed<\/a><br>Kontakty<\/p>\n","protected":false},"excerpt":{"rendered":"<p>Zva\u017eujete, zda zvolit vrtanou nebo kopanou studnu? Kopan\u00e1 studna je vhodn\u00e1 pouze tehdy, m\u00e1te-li vydatn\u00fd zdroj vody m\u011blce pod povrchem [&hellip;]<\/p>\n","protected":false},"author":1,"featured_media":0,"parent":0,"menu_order":0,"comment_status":"closed","ping_status":"closed","template":"","meta":{"site-sidebar-layout":"default","site-content-layout":"","ast-site-content-layout":"","site-content-style":"default","site-sidebar-style":"default","ast-global-header-display":"","ast-banner-title-visibility":"","ast-main-header-display":"","ast-hfb-above-header-display":"","ast-hfb-below-header-display":"","ast-hfb-mobile-header-display":"","site-post-title":"","ast-breadcrumbs-content":"","ast-featured-img":"","footer-sml-layout":"","theme-transparent-header-meta":"","adv-header-id-meta":"","stick-header-meta":"","header-above-stick-meta":"","header-main-stick-meta":"","header-below-stick-meta":"","astra-migrate-meta-layouts":"default","ast-page-background-enabled":"default","ast-page-background-meta":{"desktop":{"background-color":"var(--ast-global-color-4)","background-image":"","background-repeat":"repeat","background-position":"center center","background-size":"auto","background-attachment":"scroll","background-type":"","background-media":"","overlay-type":"","overlay-color":"","overlay-opacity":"","overlay-gradient":""},"tablet":{"background-color":"","background-image":"","background-repeat":"repeat","background-position":"center center","background-size":"auto","background-attachment":"scroll","background-type":"","background-media":"","overlay-type":"","overlay-color":"","overlay-opacity":"","overlay-gradient":""},"mobile":{"background-color":"","background-image":"","background-repeat":"repeat","background-position":"center center","background-size":"auto","background-attachment":"scroll","background-type":"","background-media":"","overlay-type":"","overlay-color":"","overlay-opacity":"","overlay-gradient":""}},"ast-content-background-meta":{"desktop":{"background-color":"var(--ast-global-color-5)","background-image":"","background-repeat":"repeat","background-position":"center center","background-size":"auto","background-attachment":"scroll","background-type":"","background-media":"","overlay-type":"","overlay-color":"","overlay-opacity":"","overlay-gradient":""},"tablet":{"background-color":"var(--ast-global-color-5)","background-image":"","background-repeat":"repeat","background-position":"center center","background-size":"auto","background-attachment":"scroll","background-type":"","background-media":"","overlay-type":"","overlay-color":"","overlay-opacity":"","overlay-gradient":""},"mobile":{"background-color":"var(--ast-global-color-5)","background-image":"","background-repeat":"repeat","background-position":"center center","background-size":"auto","background-attachment":"scroll","background-type":"","background-media":"","overlay-type":"","overlay-color":"","overlay-opacity":"","overlay-gradient":""}},"_kadence_starter_templates_imported_post":false,"footnotes":""},"class_list":["post-188","page","type-page","status-publish","hentry"],"yoast_head":"<!-- This site is optimized with the Yoast SEO plugin v23.4 - https:\/\/yoast.com\/wordpress\/plugins\/seo\/ -->\n<title>Vrtan\u00e9 studny -<\/title>\n<meta name=\"description\" content=\"Profesion\u00e1ln\u00ed vrt\u00e1n\u00ed studn\u00ed do hloubky 200 m, v\u010detn\u011b vyhled\u00e1n\u00ed pramene, projektov\u00e9 dokumentace, instalace \u010derpadla, kolaudace.\" \/>\n<meta name=\"robots\" content=\"index, follow, max-snippet:-1, max-image-preview:large, max-video-preview:-1\" \/>\n<link rel=\"canonical\" href=\"https:\/\/www.studny-smejkal.cz\/?page_id=188\" \/>\n<meta property=\"og:locale\" content=\"cs_CZ\" \/>\n<meta property=\"og:type\" content=\"article\" \/>\n<meta property=\"og:title\" content=\"Vrtan\u00e9 studny -\" \/>\n<meta property=\"og:description\" content=\"Profesion\u00e1ln\u00ed vrt\u00e1n\u00ed studn\u00ed do hloubky 200 m, v\u010detn\u011b vyhled\u00e1n\u00ed pramene, projektov\u00e9 dokumentace, instalace \u010derpadla, kolaudace.\" \/>\n<meta property=\"og:url\" content=\"https:\/\/www.studny-smejkal.cz\/?page_id=188\" \/>\n<meta property=\"article:modified_time\" content=\"2024-07-13T04:24:07+00:00\" \/>\n<meta name=\"twitter:card\" content=\"summary_large_image\" \/>\n<meta name=\"twitter:label1\" content=\"Odhadovan\u00e1 doba \u010dten\u00ed\" \/>\n\t<meta name=\"twitter:data1\" content=\"4 minuty\" \/>\n<script type=\"application\/ld+json\" class=\"yoast-schema-graph\">{\"@context\":\"https:\/\/schema.org\",\"@graph\":[{\"@type\":\"WebPage\",\"@id\":\"https:\/\/www.studny-smejkal.cz\/?page_id=188\",\"url\":\"https:\/\/www.studny-smejkal.cz\/?page_id=188\",\"name\":\"Vrtan\u00e9 studny -\",\"isPartOf\":{\"@id\":\"https:\/\/www.studny-smejkal.cz\/#website\"},\"datePublished\":\"2024-06-27T07:50:09+00:00\",\"dateModified\":\"2024-07-13T04:24:07+00:00\",\"description\":\"Profesion\u00e1ln\u00ed vrt\u00e1n\u00ed studn\u00ed do hloubky 200 m, v\u010detn\u011b vyhled\u00e1n\u00ed pramene, projektov\u00e9 dokumentace, instalace \u010derpadla, kolaudace.\",\"breadcrumb\":{\"@id\":\"https:\/\/www.studny-smejkal.cz\/?page_id=188#breadcrumb\"},\"inLanguage\":\"cs\",\"potentialAction\":[{\"@type\":\"ReadAction\",\"target\":[\"https:\/\/www.studny-smejkal.cz\/?page_id=188\"]}]},{\"@type\":\"BreadcrumbList\",\"@id\":\"https:\/\/www.studny-smejkal.cz\/?page_id=188#breadcrumb\",\"itemListElement\":[{\"@type\":\"ListItem\",\"position\":1,\"name\":\"Dom\u016f\",\"item\":\"https:\/\/www.studny-smejkal.cz\/\"},{\"@type\":\"ListItem\",\"position\":2,\"name\":\"Vrtan\u00e9 studny\"}]},{\"@type\":\"WebSite\",\"@id\":\"https:\/\/www.studny-smejkal.cz\/#website\",\"url\":\"https:\/\/www.studny-smejkal.cz\/\",\"name\":\"studny Smejkal\",\"description\":\"Vrtan\u00e9 studny a vrty pro tepeln\u00e1 \u010derpadla\",\"publisher\":{\"@id\":\"https:\/\/www.studny-smejkal.cz\/#organization\"},\"potentialAction\":[{\"@type\":\"SearchAction\",\"target\":{\"@type\":\"EntryPoint\",\"urlTemplate\":\"https:\/\/www.studny-smejkal.cz\/?s={search_term_string}\"},\"query-input\":{\"@type\":\"PropertyValueSpecification\",\"valueRequired\":true,\"valueName\":\"search_term_string\"}}],\"inLanguage\":\"cs\"},{\"@type\":\"Organization\",\"@id\":\"https:\/\/www.studny-smejkal.cz\/#organization\",\"name\":\"STUDNY S&K, s.r.o.\",\"url\":\"https:\/\/www.studny-smejkal.cz\/\",\"logo\":{\"@type\":\"ImageObject\",\"inLanguage\":\"cs\",\"@id\":\"https:\/\/www.studny-smejkal.cz\/#\/schema\/logo\/image\/\",\"url\":\"https:\/\/www.studny-smejkal.cz\/wp-content\/uploads\/2024\/07\/Studny-Smejkal_Big.jpg\",\"contentUrl\":\"https:\/\/www.studny-smejkal.cz\/wp-content\/uploads\/2024\/07\/Studny-Smejkal_Big.jpg\",\"width\":1189,\"height\":360,\"caption\":\"STUDNY S&K, s.r.o.\"},\"image\":{\"@id\":\"https:\/\/www.studny-smejkal.cz\/#\/schema\/logo\/image\/\"}}]}<\/script>\n<!-- \/ Yoast SEO plugin. -->","yoast_head_json":{"title":"Vrtan\u00e9 studny -","description":"Profesion\u00e1ln\u00ed vrt\u00e1n\u00ed studn\u00ed do hloubky 200 m, v\u010detn\u011b vyhled\u00e1n\u00ed pramene, projektov\u00e9 dokumentace, instalace \u010derpadla, kolaudace.","robots":{"index":"index","follow":"follow","max-snippet":"max-snippet:-1","max-image-preview":"max-image-preview:large","max-video-preview":"max-video-preview:-1"},"canonical":"https:\/\/www.studny-smejkal.cz\/?page_id=188","og_locale":"cs_CZ","og_type":"article","og_title":"Vrtan\u00e9 studny -","og_description":"Profesion\u00e1ln\u00ed vrt\u00e1n\u00ed studn\u00ed do hloubky 200 m, v\u010detn\u011b vyhled\u00e1n\u00ed pramene, projektov\u00e9 dokumentace, instalace \u010derpadla, kolaudace.","og_url":"https:\/\/www.studny-smejkal.cz\/?page_id=188","article_modified_time":"2024-07-13T04:24:07+00:00","twitter_card":"summary_large_image","twitter_misc":{"Odhadovan\u00e1 doba \u010dten\u00ed":"4 minuty"},"schema":{"@context":"https:\/\/schema.org","@graph":[{"@type":"WebPage","@id":"https:\/\/www.studny-smejkal.cz\/?page_id=188","url":"https:\/\/www.studny-smejkal.cz\/?page_id=188","name":"Vrtan\u00e9 studny -","isPartOf":{"@id":"https:\/\/www.studny-smejkal.cz\/#website"},"datePublished":"2024-06-27T07:50:09+00:00","dateModified":"2024-07-13T04:24:07+00:00","description":"Profesion\u00e1ln\u00ed vrt\u00e1n\u00ed studn\u00ed do hloubky 200 m, v\u010detn\u011b vyhled\u00e1n\u00ed pramene, projektov\u00e9 dokumentace, instalace \u010derpadla, kolaudace.","breadcrumb":{"@id":"https:\/\/www.studny-smejkal.cz\/?page_id=188#breadcrumb"},"inLanguage":"cs","potentialAction":[{"@type":"ReadAction","target":["https:\/\/www.studny-smejkal.cz\/?page_id=188"]}]},{"@type":"BreadcrumbList","@id":"https:\/\/www.studny-smejkal.cz\/?page_id=188#breadcrumb","itemListElement":[{"@type":"ListItem","position":1,"name":"Dom\u016f","item":"https:\/\/www.studny-smejkal.cz\/"},{"@type":"ListItem","position":2,"name":"Vrtan\u00e9 studny"}]},{"@type":"WebSite","@id":"https:\/\/www.studny-smejkal.cz\/#website","url":"https:\/\/www.studny-smejkal.cz\/","name":"studny Smejkal","description":"Vrtan\u00e9 studny a vrty pro tepeln\u00e1 \u010derpadla","publisher":{"@id":"https:\/\/www.studny-smejkal.cz\/#organization"},"potentialAction":[{"@type":"SearchAction","target":{"@type":"EntryPoint","urlTemplate":"https:\/\/www.studny-smejkal.cz\/?s={search_term_string}"},"query-input":{"@type":"PropertyValueSpecification","valueRequired":true,"valueName":"search_term_string"}}],"inLanguage":"cs"},{"@type":"Organization","@id":"https:\/\/www.studny-smejkal.cz\/#organization","name":"STUDNY S&K, s.r.o.","url":"https:\/\/www.studny-smejkal.cz\/","logo":{"@type":"ImageObject","inLanguage":"cs","@id":"https:\/\/www.studny-smejkal.cz\/#\/schema\/logo\/image\/","url":"https:\/\/www.studny-smejkal.cz\/wp-content\/uploads\/2024\/07\/Studny-Smejkal_Big.jpg","contentUrl":"https:\/\/www.studny-smejkal.cz\/wp-content\/uploads\/2024\/07\/Studny-Smejkal_Big.jpg","width":1189,"height":360,"caption":"STUDNY S&K, s.r.o."},"image":{"@id":"https:\/\/www.studny-smejkal.cz\/#\/schema\/logo\/image\/"}}]}},"_links":{"self":[{"href":"https:\/\/www.studny-smejkal.cz\/index.php?rest_route=\/wp\/v2\/pages\/188","targetHints":{"allow":["GET"]}}],"collection":[{"href":"https:\/\/www.studny-smejkal.cz\/index.php?rest_route=\/wp\/v2\/pages"}],"about":[{"href":"https:\/\/www.studny-smejkal.cz\/index.php?rest_route=\/wp\/v2\/types\/page"}],"author":[{"embeddable":true,"href":"https:\/\/www.studny-smejkal.cz\/index.php?rest_route=\/wp\/v2\/users\/1"}],"replies":[{"embeddable":true,"href":"https:\/\/www.studny-smejkal.cz\/index.php?rest_route=%2Fwp%2Fv2%2Fcomments&post=188"}],"version-history":[{"count":32,"href":"https:\/\/www.studny-smejkal.cz\/index.php?rest_route=\/wp\/v2\/pages\/188\/revisions"}],"predecessor-version":[{"id":882,"href":"https:\/\/www.studny-smejkal.cz\/index.php?rest_route=\/wp\/v2\/pages\/188\/revisions\/882"}],"wp:attachment":[{"href":"https:\/\/www.studny-smejkal.cz\/index.php?rest_route=%2Fwp%2Fv2%2Fmedia&parent=188"}],"curies":[{"name":"wp","href":"https:\/\/api.w.org\/{rel}","templated":true}]}}